en 1680687 is divided by 3430?
3417
Calculate the remainder when 113197 is divided by 2135.
42
Calculate the remainder when 493948 is divided by 25994.
62
What is the remainder when 18643554 is divided by 148?
142
Calculate the remainder when 191985 is divided by 71.
1
Calculate the remainder when 13716320 is divided by 62.
60
Calculate the remainder when 92942 is divided by 234.
44
Calculate the remainder when 99798308 is divided by 2281.
2277
Calculate the remainder when 576149 is divided by 288073.
3
What is the remainder when 2174454 is divided by 323?
18
Calculate the remainder when 685751 is divided by 685402.
349
What is the remainder when 170950 is divided by 85472?
6
What is the remainder when 638925 is divided by 688?
461
What is the remainder when 15919491 is divided by 1102?
1101
What is the remainder when 7318 is divided by 278?
90
Calculate the remainder when 56146386 is divided by 6858.
6798
What is the remainder when 1406869132 is divided by 646?
642
What is the remainder when 2839752 is divided by 1173?
1092
What is the remainder when 475297 is divided by 19?
12
What is the remainder when 4359177 is divided by 8581?
29
What is the remainder when 84096 is divided by 3724?
2168
Calculate the remainder when 32861502 is divided by 2987406.
36
Calculate the remainder when 107434 is divided by 34942.
2608
Calculate the remainder when 915109 is divided by 78.
13
Calculate the remainder when 132693401 is divided by 44231127.
20
What is the remainder when 727607 is divided by 3638?
7
What is the remainder when 35978412 is divided by 14?
8
What is the remainder when 34492873 is divided by 1571?
1568
Calculate the remainder when 953236 is divided by 421.
92
What is the remainder when 2149822 is divided by 126460?
2
Calculate the remainder when 461657 is divided by 920.
737
What is the remainder when 30436622 is divided by 4348087?
13
Calculate the remainder when 8085320 is divided by 216.
8
What is the remainder when 252194110 is divided by 12?
10
What is the remainder when 7953665 is divided by 37?
34
Calculate the remainder when 6526223 is divided by 3263106.
11
What is the remainder when 11907115 is divided by 7160?
35
Calculate the remainder when 550292 is divided by 108.
32
Calculate the remainder when 1068527 is divided by 1068315.
212
Calculate the remainder when 127293 is divided by 15909.
21
Calculate the remainder when 455578406 is divided by 74.
70
Calculate the remainder when 418471 is divided by 1199.
20
What is the remainder when 3762713 is divided by 48?
41
What is the remainder when 24303457 is divided by 1489?
1488
Calculate the remainder when 96557 is divided by 32180.
17
Calculate the remainder when 345151 is divided by 26541.
118
What is the remainder when 1992939 is divided by 9532?
751
What is the remainder when 1129816 is divided by 337?
192
Calculate the remainder when 135138 is divided by 56.
10
Calculate the remainder when 595549 is divided by 595530.
19
What is the remainder when 1760700 is divided by 586693?
621
What is the remainder when 712544 is divided by 79069?
923
What is the remainder when 282852 is divided by 2949?
2697
Calculate the remainder when 162690025 is divided by 5248065.
10
Calculate the remainder when 9946601 is divided by 294.
287
What is the remainder when 31310200 is divided by 4697?
4695
What is the remainder when 187594 is divided by 7815?
34
What is the remainder when 1743977 is divided by 52?
1
What is the remainder when 24830512 is divided by 1613?
1603
Calculate the remainder when 40756317 is divided by 332.
329
Calculate the remainder when 31081 is divided by 10316.
133
What is the remainder when 58162 is divided by 1704?
226
Calculate the remainder when 1316396 is divided by 589.
570
Calculate the remainder when 79468 is divided by 670.
408
What is the remainder when 19739518 is divided by 90?
88
What is the remainder when 3639733 is divided by 192?
181
Calculate the remainder when 824000 is divided by 12676.
60
Calculate the remainder when 1769 is divided by 393.
197
Calculate the remainder when 638394 is divided by 13876.
98
What is the remainder when 33856 is divided by 6000?
3856
What is the remainder when 117292 is divided by 29290?
132
Calculate the remainder when 18253248 is divided by 1052.
1048
Calculate the remainder when 545986 is divided by 257.
118
What is the remainder when 679259 is divided by 336?
203
What is the remainder when 2481476 is divided by 871?
868
What is the remainder when 1675288 is divided by 1241?
1179
What is the remainder when 11844868 is divided by 2911?
9
What is the remainder when 17750204 is divided by 1479182?
20
What is the remainder when 58911 is divided by 2661?
369
Calculate the remainder when 10787243 is divided by 16.
11
What is the remainder when 21358255 is divided by 469?
464
Calculate the remainder when 36165 is divided by 35663.
502
What is the remainder when 19118418 is divided by 121?
55
What is the remainder when 1844107 is divided by 740?
27
Calculate the remainder when 108522 is divided by 281.
56
Calculate the remainder when 23210834 is divided by 48660.
14
What is the remainder when 2791578 is divided by 279152?
58
What is the remainder when 810892 is divided by 746?
736
What is the remainder when 44098 is divided by 1560?
418
What is the remainder when 1061167 is divided by 529?
522
What is the remainder when 1481795 is divided by 493818?
341
Calculate the remainder when 1160859 is divided by 1198.
1195
What is the remainder when 129504 is divided by 64699?
106
What is the remainder when 104445 is divided by 3029?
1459
What is the remainder when 1326760 is divided by 9409?
91
Calculate the remainder when 64427691 is divided by 49.
41
What is the remainder when 7681259 is divided by 323?
319
What is the remainder when 3202219 is divided by 1556?
1527
What is the remainder when 1440954 is divided by 261?
234
Calculate the remainder when 58477 is divided by 12.
1
What is the remainder when 15419 is divided by 4799?
1022
What is the remainder when 435358 is divided by 1184?
830
Calculate the remainder when 1261868 is divided by 340.
128
Calculate the remainder when 1549143 is divided by 61.
48
Calculate the remainder when 417313 is divided by 646.
643
Calculate the remainder when 8776289 is divided by 10.
9
Calculate the remainder when 17463255 is divided by 3142.
19
What is the remainder when 1374887 is divided by 124989?
8
What is the remainder when 4201486 is divided by 74?
62
What is the remainder when 110595 is divided by 316?
311
Calculate the remainder when 1273789 is divided by 8379.
181
What is the remainder when 6496653 is divided by 737?
735
Calculate the remainder when 3457533 is divided by 12.
9
What is the remainder when 354864 is divided by 1667?
1460
What is the remainder when 4240119 is divided by 125?
119
Calculate the remainder when 1399825 is divided by 543.
514
Calculate the remainder when 443726 is divided by 196.
178
Calculate the remainder when 678919 is divided by 2621.
80
Calculate the remainder when 220146 is divided by 4080.
3906
What is the remainder when 1993618 is divided by 52?
42
What is the remainder when 451125353 is divided by 655?
653
Calculate the remainder when 33590682 is divided by 165.
147
Calculate the remainder when 244794 is divided by 243618.
1176
Calculate the remainder when 14980 is divided by 1768.
836
What is the remainder when 1212706 is divided by 3444?
418
Calculate the remainder when 336044065 is divided by 1646.
1643
What is the remainder when 25746107 is divided by 12873037?
33
Calculate the remainder when 3393364 is divided by 2510.
2354
Calculate the remainder when 44933 is divided by 8964.
113
Calculate the remainder when 1084574 is divided by 860.
114
What is the remainder when 11872898 is divided by 5803?
5763
Calculate the remainder when 176482 is divided by 130.
72
Calculate the remainder when 1855331 is divided by 1874.
71
What is the remainder when 10710863 is divided by 48?
47
What is the remainder when 61390421 is divided by 850?
21
What is the remainder when 192238813 is divided by 885?
883
What is the remainder when 30503 is divided by 30457?
46
What is the remainder when 42383560 is divided by 14127834?
58
What is the remainder when 201112 is divided by 6